113 (base 11) to base 9.
-160
212 (base 7) to base 16
6b
-1101100 (base 2) to base 7
-213
Convert -3 (base 5) to base 10.
-3
What is -a (base 15) in base 13?
-a
Convert -44 (base 7) to base 4.
-200
What is 24 (base 9) in base 13?
19
Convert -35 (base 6) to base 2.
-10111
3 (base 9) to base 15
3
Convert 10 (base 7) to base 4.
13
What is 14 (base 8) in base 5?
22
What is 0 (base 8) in base 9?
0
131 (base 11) to base 14
b1
Convert 1242 (base 6) to base 13.
1b2
0 (base 11) to base 14
0
Convert -2d (base 16) to base 10.
-45
-6 (base 10) to base 5
-11
What is 52 (base 7) in base 9?
41
Convert -152 (base 14) to base 13.
-178
What is 1 (base 6) in base 4?
1
Convert -6 (base 8) to base 13.
-6
3 (base 8) to base 11
3
2 (base 5) to base 13
2
Convert 5 (base 10) to base 8.
5
What is -156 (base 8) in base 2?
-1101110
What is 20 (base 5) in base 3?
101
4 (base 10) to base 3
11
What is -25 (base 10) in base 16?
-19
Convert 34 (base 14) to base 10.
46
Convert 1 (base 5) to base 14.
1
What is 111 (base 5) in base 14?
23
Convert 0 (base 5) to base 10.
0
Convert -31 (base 5) to base 14.
-12
Convert 26 (base 9) to base 16.
18
0 (base 6) to base 13
0
What is -12 (base 4) in base 8?
-6
What is -14 (base 14) in base 2?
-10010
What is 11200 (base 3) in base 12?
a6
What is -111 (base 3) in base 12?
-11
What is 18 (base 13) in base 6?
33
-27 (base 11) to base 12
-25
Convert 23a (base 13) to base 4.
12003
Convert -b9 (base 14) to base 10.
-163
What is 43 (base 9) in base 6?
103
Convert -1101 (base 2) to base 9.
-14
What is -10 (base 15) in base 3?
-120
5 (base 16) to base 4
11
What is 10000 (base 2) in base 8?
20
What is -121 (base 12) in base 7?
-331
Convert 0 (base 4) to base 13.
0
0 (base 3) to base 15
0
Convert -22 (base 7) to base 9.
-17
What is -13 (base 6) in base 7?
-12
Convert -5 (base 15) to base 2.
-101
What is 11 (base 5) in base 6?
10
What is -10 (base 4) in base 2?
-100
Convert 3 (base 9) to base 15.
3
-38 (base 13) to base 16
-2f
What is -6 (base 12) in base 5?
-11
Convert -87 (base 10) to base 13.
-69
-2012 (base 3) to base 10
-59
Convert -152 (base 11) to base 3.
-20121
What is -110 (base 2) in base 6?
-10
Convert 100 (base 8) to base 2.
1000000
Convert 4 (base 13) to base 7.
4
What is 11 (base 13) in base 4?
32
What is 2 (base 3) in base 15?
2
Convert 11 (base 3) to base 12.
4
6 (base 14) to base 5
11
What is -3 (base 11) in base 2?
-11
-14 (base 7) to base 9
-12
What is 12 (base 10) in base 7?
15
What is 15 (base 8) in base 16?
d
What is 151 (base 6) in base 7?
124
What is -110111 (base 2) in base 6?
-131
4 (base 16) to base 15
4
Convert 10 (base 4) to base 3.
11
What is -5 (base 10) in base 6?
-5
What is 214 (base 7) in base 13?
85
3 (base 14) to base 8
3
What is 1111001 (base 2) in base 5?
441
Convert 23 (base 7) to base 13.
14
Convert -100010101 (base 2) to base 13.
-184
Convert -1 (base 10) to base 4.
-1
Convert 10100 (base 2) to base 15.
15
Convert 20 (base 12) to base 13.
1b
Convert 143 (base 5) to base 12.
40
Convert 177 (base 10) to base 6.
453
Convert -35 (base 14) to base 7.
-65
Convert 10a (base 13) to base 8.
263
-19 (base 10) to base 11
-18
Convert 2 (base 11) to base 14.
2
Convert -56 (base 7) to base 14.
-2d
6a (base 14) to base 8
136
What is 10 (base 15) in base 16?
f
301 (base 8) to base 2
11000001
Convert 3 (base 11) to base 2.
11
Convert -10111011 (base 2) to base 13.
-115
Convert 313 (base 7) to base 11.
133
Convert -165 (base 14) to base 4.
-10131
-4 (base 12) to base 3
-11
What is 111 (base 3) in base 15?
d
What is -4e (base 15) in base 6?
-202
-5 (base 12) to base 6
-5
Convert 10112 (base 3) to base 2.
1011111
What is -1003 (base 7) in base 15?
-181
Convert -17 (base 9) to base 11.
-15
Convert -a (base 16) to base 2.
-1010
What is 2133 (base 4) in base 13?
c3
33 (base 5) to base 7
24
13 (base 6) to base 15
9
What is -17 (base 16) in base 12?
-1b
Convert -37 (base 13) to base 2.
-101110
-20 (base 4) to base 10
-8
Convert 3 (base 15) to base 10.
3
Convert -29 (base 12) to base 9.
-36
-3 (base 16) to base 13
-3
Convert 1 (base 5) to base 15.
1
What is -10110110 (base 2) in base 10?
-182
-57 (base 8) to base 2
-101111
Convert 11 (base 2) to base 10.
3
-160 (base 9) to base 5
-1020
Convert -220 (base 9) to base 3.
-20200
-1 (base 12) to base 8
-1
Convert 53 (base 6) to base 13.
27
Convert -8 (base 10) to base 12.
-8
Convert -12001 (base 3) to base 11.
-114
Convert -5 (base 14) to base 10.
-5
Convert 5 (base 12) to base 11.
5
What is 1002 (base 3) in base 4?
131
1a (base 11) to base 6
33
Convert 60 (base 11) to base 12.
56
Convert 3a (base 13) to base 4.
301
Convert -10202 (base 3) to base 12.
-85
-120 (base 4) to base 13
-1b
What is -1010111 (base 2) in base 12?
-73
11 (base 4) to base 9
5
13 (base 5) to base 9
8
Convert 8 (base 10) to base 16.
8
-2 (base 3) to base 2
-10
Convert 4 (base 13) to base 3.
11
What is -12012 (base 3) in base 12?
-b8
What is -32 (base 9) in base 6?
-45
Convert 16 (base 12) to base 8.
22
Convert 79 (base 15) to base 6.
310
-4b (base 12) to base 7
-113
Convert -324 (base 7) to base 9.
-203
Convert -12 (base 3) to base 11.
-5
Convert 11 (base 3) to base 7.
4
Convert -111001 (base 2) to base 3.
-2010
-d7 (base 14) to base 6
-513
0 (base 11) to base 12
0
2 (base 16) to base 12
2
0 (base 15) to base 4
0
7 (base 15) to base 16
7
What is 11a (base 15) in base 3?
100021
Convert 15 (base 9) to base 2.
1110
-10 (base 3) to base 10
-3
1011100 (base 2) to base 12
78
What is 8 (base 11) in base 14?
8
-23 (base 12) to base 11
-25
What is 27 (base 14) in base 3?
1022
-5 (base 6) to base 14
-5
28 (base 9) to base 8
32
37 (base 12) to base 14
31
What is -101 (base 2) in base 15?
-5
What is 2 (base 6) in base 16?
2
Convert -13 (base 15) to base 11.
-17
Convert 2 (base 4) to base 2.
10
-1 (base 15) to base 6
-1
What is 74 (base 10) in base 14?
54
Convert 10 (base 3) to base 10.
3
18 (base 10) to base 5
33
Convert -11 (base 8) to base 14.
-9
What is 0 (base 9) in base 3?
0
302 (base 7) to base 8
225
141 (base 6) to base 9
67
8 (base 11) to base 4
20
-a (base 15) to base 12
-a
Convert -52 (base 13) to base 8.
-103
What is -1a5 (base 12) in base 2?
-100001101
2 (base 8) to base 9
2
Convert 98 (base 10) to base 15.
68
What is -1 (base 12) in base 4?
-1
210 (base 6) to base 4
1032
Convert 101 (base 10) to base 15.
6b
Convert -3 (base 13) to base 11.
-3
Convert -65 (base 8) to base 16.
-35
Convert 2 (base 5) to base 15.
2
Convert 25 (base 13) to base 5.
111
10 (base 6) to base 10
6
What is -35 (base 11) in base 15?
-28
-59 (base 10) to base 8
-73
-5 (base 11) to base 13
-5
Convert -4 (base 14) to base 15.
-4
What is -3 (base 10) in base 14?
-3
-2 (base 3) to base 11
-2
-12 (base 6) to base 8
-10
-522 (base 6) to base 3
-21012
Convert -1 (base 13) to base 14.
-1
-10 (base 2) to base 15
-2
a (base 16) to base 5
20
What is 2 (base 12) in base 6?
2
What is 2 (base 14) in base 13?
2
Convert 20 (base 12) to base 14.
1a
What is -68 (base 11) in base 4?
-1022
0 (base 11) to base 13
0
What is 12 (base 5) in base 8?
7
Convert 212 (base 5) to base 11.
52
-3 (base 10) to base 7
-3
Convert 102 (base 4) to base 15.
13
What is -2 (base 4) in base 16?
-2
Convert 3 (base 4) to base 12.
3
-10 (base 16) to base 2
-10000
Convert 12 (base 8) to base 3.
101
2a (base 13) to base 10
36
40 (base 6) to base 8
30
Convert -350 (base 6) to base 15.
-93
11110 (base 2) to base 8
36
What is 8 (base 14) in base 9?
8
-6 (base 8) to base 3
-20
24 (base 12) to base 6
44
Convert -1 (base 6) to base 14.
-1
Convert 1 (base 7) to base 8.
1
What is -8 (base 15) in base 5?
-13
Convert -10 (base 12) to base 8.
-14
What is -20 (base 3) in base 9?
-6
Convert -17 (base 10) to base 6.
-25
Convert -a3 (base 12) to base 4.
-1323
Convert -25 (base 9) to base 14.
-19
Convert 4 (base 11) to base 14.
4
24 (base 9) to base 11
20
Convert 23 (base 12) to base 14.
1d
Convert -122 (base 7) to base 15.
-45
Convert 3 (base 10) to base 13.
3
3 (base 15) to base 6
3
What is 4 (base 12) in base 13?
4
What is -2 (base 15) in base 3?
-2
What is 1 (base 11) in base 7?
1
Convert 1010 (base 4) to base 11.
62
-111001 (base 2) to base 16
-39
Convert -6a (base 14) to base 16.
-5e
Convert -6 (base 7) to base 9.
-6
What is 20 (base 6) in base 10?
12
-1 (base 9) to base 10
-1
Convert -1 (base 15) to